tors of 9382096.
2, 17, 2029
What are the prime factors of 313986?
2, 3, 43, 1217
What are the prime factors of 389039?
7, 149, 373
List the prime factors of 1210386.
2, 3, 201731
List the prime factors of 884949.
3, 13, 22691
List the prime factors of 482890.
2, 5, 43, 1123
List the prime factors of 4942126.
2, 7, 223, 1583
List the prime factors of 23815991.
23815991
What are the prime factors of 346270?
2, 5, 31, 1117
What are the prime factors of 235089?
3, 8707
What are the prime factors of 1367860?
2, 5, 13, 5261
What are the prime factors of 48735?
3, 5, 19
List the prime factors of 1114407.
3, 7, 19
What are the prime factors of 4682644?
2, 1170661
List the prime factors of 14462079.
3, 37, 113, 1153
List the prime factors of 212617.
173, 1229
List the prime factors of 5380121.
5380121
What are the prime factors of 2566669?
7, 1069
What are the prime factors of 261167?
261167
What are the prime factors of 578526?
2, 3, 13, 7417
List the prime factors of 522152.
2, 65269
What are the prime factors of 428784?
2, 3, 8933
What are the prime factors of 2264334?
2, 3, 107, 3527
What are the prime factors of 42515487?
3, 7, 17, 53, 107
What are the prime factors of 959145?
3, 5, 11, 5813
List the prime factors of 1853114.
2, 926557
List the prime factors of 1757292.
2, 3, 23, 6367
What are the prime factors of 1432381?
37, 38713
What are the prime factors of 20581534?
2, 10290767
What are the prime factors of 507630?
2, 3, 5, 16921
What are the prime factors of 2878736?
2, 7, 25703
What are the prime factors of 4700943?
3, 13, 59, 227
List the prime factors of 5283169.
23, 229703
List the prime factors of 488877.
3, 89, 1831
What are the prime factors of 661141?
13, 50857
List the prime factors of 1405.
5, 281
List the prime factors of 720979.
7, 127, 811
List the prime factors of 1224932.
2, 373, 821
What are the prime factors of 493974?
2, 3, 13, 2111
List the prime factors of 1850866.
2, 19, 53, 919
What are the prime factors of 2099943?
3, 233327
What are the prime factors of 761727?
3, 253909
List the prime factors of 200982.
2, 3, 19, 41, 43
List the prime factors of 24543936.
2, 3, 42611
List the prime factors of 29071135.
5, 5814227
List the prime factors of 22269.
3, 13, 571
List the prime factors of 6956614.
2, 7, 496901
What are the prime factors of 16216059?
3, 157, 34429
What are the prime factors of 157430?
2, 5, 7, 13, 173
What are the prime factors of 5205285?
3, 5, 131, 883
What are the prime factors of 788872?
2, 7, 14087
What are the prime factors of 3665894?
2, 1832947
List the prime factors of 54916.
2, 13729
List the prime factors of 1832900.
2, 5, 18329
List the prime factors of 11637241.
7, 11, 23, 6571
List the prime factors of 1083720.
2, 3, 5, 11, 821
List the prime factors of 24167436.
2, 3, 67, 30059
List the prime factors of 2320199.
7, 47351
What are the prime factors of 326578?
2, 7, 23327
What are the prime factors of 754693?
43, 17551
List the prime factors of 10767545.
5, 17, 131, 967
What are the prime factors of 373819?
23, 16253
What are the prime factors of 5054163?
3, 37, 45533
List the prime factors of 416414.
2, 208207
What are the prime factors of 440478?
2, 3, 2719
What are the prime factors of 70001?
70001
List the prime factors of 9976174.
2, 13, 29, 101, 131
What are the prime factors of 9198469?
7, 107, 12281
List the prime factors of 4333300.
2, 5, 17, 2549
List the prime factors of 4219968.
2, 3, 31, 709
List the prime factors of 633246.
2, 3, 105541
What are the prime factors of 171348?
2, 3, 109, 131
What are the prime factors of 476771?
307, 1553
List the prime factors of 258370.
2, 5, 7, 3691
List the prime factors of 461275.
5, 18451
List the prime factors of 2065865.
5, 263, 1571
List the prime factors of 6025189.
157, 38377
What are the prime factors of 15737646?
2, 3, 31, 211, 401
List the prime factors of 1550031.
3, 7, 31, 2381
List the prime factors of 4227964.
2, 13, 81307
List the prime factors of 44792.
2, 11, 509
List the prime factors of 8135874.
2, 3, 127, 3559
What are the prime factors of 230493?
3, 76831
What are the prime factors of 67215?
3, 5, 4481
What are the prime factors of 28162795?
5, 17, 421, 787
What are the prime factors of 4143253?
4143253
What are the prime factors of 983998?
2, 53, 9283
What are the prime factors of 19266633?
3, 541, 1319
List the prime factors of 100773.
3, 11197
List the prime factors of 33456.
2, 3, 17, 41
List the prime factors of 186164.
2, 11, 4231
What are the prime factors of 928352?
2, 67, 433
What are the prime factors of 2068473?
3, 11, 19, 3299
What are the prime factors of 224731?
13, 59, 293
List the prime factors of 6043424.
2, 188857
What are the prime factors of 135189?
3, 1669
What are the prime factors of 162174?
2, 3, 151, 179
What are the prime factors of 1633524?
2, 3, 197, 691
What are the prime factors of 3562666?
2, 383, 4651
What are the prime factors of 140617?
140617
List the prime factors of 361531.
361531
List the prime factors of 672305.
5, 43, 53, 59
List the prime factors of 150934.
2, 7, 10781
List the prime factors of 13079096.
2, 101, 16187
What are the prime factors of 1523660?
2, 5, 29, 37, 71
List the prime factors of 26796.
2, 3, 7, 11, 29
What are the prime factors of 230725?
5, 11, 839
What are the prime factors of 963558?
2, 3, 199, 269
List the prime factors of 10292486.
2, 5146243
What are the prime factors of 3186722?
2, 7, 11, 20693
What are the prime factors of 440425?
5, 79, 223
What are the prime factors of 2854761?
3, 7, 13, 10457
List the prime factors of 13414664.
2, 1676833
What are the prime factors of 213889?
13, 16453
List the prime factors of 157870.
2, 5, 15787
What are the prime factors of 17996977?
17996977
List the prime factors of 3916745.
5, 7, 47, 2381
List the prime factors of 289742.
2, 277, 523
List the prime factors of 3777703.
101, 113, 331
What are the prime factors of 1423487?
13, 8423
What are the prime factors of 716519?
23, 31153
What are the prime factors of 26426586?
2, 3, 23, 191497
What are the prime factors of 444057?
3, 17, 8707
What are the prime factors of 1271095?
5, 7, 23, 1579
What are the prime factors of 2669090?
2, 5, 266909
What are the prime factors of 15505608?
2, 3, 646067
What are the prime factors of 375772?
2, 37, 2539
What are the prime factors of 1321849?
19, 29, 2399
List the prime factors of 6448487.
23, 181, 1549
What are the prime factors of 78907?
19, 4153
What are the prime factors of 2109498?
2, 3, 269, 1307
List the prime factors of 750764.
2, 7, 26813
What are the prime factors of 6743208?
2, 3, 280967
List the prime factors of 10073924.
2, 7, 359783
What are the prime factors of 804204?
2, 3, 89, 251
What are the prime factors of 2139512?
2, 267439
List the prime factors of 17307273.
3, 569, 10139
List the prime factors of 3487144.
2, 435893
List the prime factors of 858838.
2, 19, 97, 233
List the prime factors of 3582009.
3, 132667
List the prime factors of 62918.
2, 163, 193
What are the prime factors of 747684?
2, 3, 7, 23, 43
What are the prime factors of 489003?
3, 19, 23, 373
What are the prime factors of 86162?
2, 67, 643
What are the prime factors of 369041?
41, 9001
List the prime factors of 10409179.
11, 23, 41143
List the prime factors of 4332109.
107, 40487
What are the prime factors of 15333326?
2, 61, 125683
What are the prime factors of 2087345?
5, 13, 17, 1889
List the prime factors of 784902.
2, 3, 130817
List the prime factors of 139558.
2, 69779
List the prime factors of 9418333.
43, 219031
What are the prime factors of 6137749?
6137749
What are the prime factors of 1492214?
2, 746107
What are the prime factors of 183832?
2, 11, 2089
What are the prime factors of 113940?
2, 3, 5, 211
What are the prime factors of 2225340?
2, 3, 5, 13, 317
List the prime factors of 2949988.
2, 737497
List the prime factors of 177955.
5, 35591
What are the prime factors of 2704776?
2, 3, 251, 449
What are the prime factors of 915440?
2, 5, 11443
What are the prime factors of 15338057?
7, 43, 50957
What are the prime factors of 994402?
2, 421, 1181
List the prime factors of 457274.
2, 228637
List the prime factors of 28118036.
2, 173, 179, 227
List the prime factors of 2068793.
1327, 1559
List the prime factors of 9249831.
3, 10277